the prime factors of g.
3, 5
Suppose 4*j + 10 = -c + 4*c, -c - 1 = 3*j. Suppose 2*p - 4*p = 5*o + 2, c*o + 2 = -p. What are the prime factors of 2/p - (-250)/30?
2
Let l = 12 - 5. Suppose 12 = 9*b - l*b. List the prime factors of b.
2, 3
Let j = -236 - -527. Suppose -60 = -t + 2*f, -j = -4*t - 5*f - 116. What are the prime factors of t?
2, 5
Let s be (0 - 3)/(3*(-1)/(-120)). List the prime factors of (6 - 4)/((-3)/s).
2, 5
Let h(t) = 87 - 4*t - t - 61 - 60. List the prime factors of h(-16).
2, 23
Let d(f) = -418*f + 74. List the prime factors of d(-2).
2, 5, 7, 13
Suppose 4*q - 9880 = -3*k, -26*q + 24*q + 4950 = -k. What are the prime factors of q?
2473
Suppose -5*c + 4 = -s - 12, 4*s - 4*c + 96 = 0. List the prime factors of 2*(2 + s/(-4)).
17
Let v be -1*(0 - 3) + -1. Suppose -282 = -v*p - 0*p + 4*k, 2*p - 306 = -4*k. Let b = p + -83. List the prime factors of b.
2
Let s = 231 + -29. What are the prime factors of s?
2, 101
Let s = 863 - 400. What are the prime factors of s?
463
Let x be 2/(-4 + (-28)/(-6)). Suppose 0 = 2*k - x*k + 39. List the prime factors of k.
3, 13
Suppose 0 = 12*k - 8*k + 16. What are the prime factors of (-1 - (-3711)/21) + k/(-14)?
2, 11
Let f = -4 - -7. Suppose 4*m = -f*a - 4, 4*a + 4*m - 12 = 3*m. Suppose 0 = -a*o - 8, 3*n = -2*n + 5*o + 55. What are the prime factors of n?
3
What are the prime factors of (8/20)/(10*(-9)/(-652950))?
2, 1451
Suppose 17*i + 3 = 18*i. Suppose -4 = -2*v, -3*v = -i*n + 234 + 390. List the prime factors of n.
2, 3, 5, 7
Let d = -14 - -5. Let n = d - -1. Let m(k) = -k**3 - 9*k**2 - 9*k - 3. What are the prime factors of m(n)?
5
List the prime factors of ((-34)/(-5))/((123/390)/41).
2, 13, 17
Suppose -t = 11*u - 12*u - 119, -3*u - 343 = 4*t. Let l = -76 - u. What are the prime factors of l?
41
Let l = -350 + 940. List the prime factors of l.
2, 5, 59
Let z = 34 + -22. Let p be -3 - 14*z/(-8). List the prime factors of -4 + 3 + (p - -3).
2, 5
Suppose -4*w + 118 = 5*i, -3*i - 21 = -0*w - w. Let t = w - -48. What are the prime factors of t?
3, 5
Suppose 0 = 3*k + 2*w - 905 + 274, -1045 = -5*k - 5*w. List the prime factors of k.
3, 71
Let c = 706 - 991. Let m = -165 - c. List the prime factors of m.
2, 3, 5
Let p(c) = -7*c - 2. Let o(r) = -7*r - 2. Let l(x) = 6*o(x) - 4*p(x). Suppose 0*y - 2*w = y + 7, -5*y - 5 = -5*w. What are the prime factors of l(y)?
2, 19
List the prime factors of (9426/(-33))/(8/(-88)).
2, 1571
Let g(c) = 227*c - 8. Let r be g(4). Suppose m = -3*m + r. Suppose 0 = 6*h - h - m. What are the prime factors of h?
3, 5
Suppose 0 = -6*q - 2 + 20. Suppose q*y = -r - 2*y + 144, -4*r + 3*y = -484. What are the prime factors of r?
2, 31
Suppose 0 = 5*l - 554 - 596. What are the prime factors of l?
2, 5, 23
Let d(j) = 30*j**3 + j. Let v be d(2). What are the prime factors of v/(-33)*(-3)/2?
11
Suppose -3*z = t - 4104, 4*z = -20*t + 15*t + 5483. List the prime factors of z.
1367
Suppose -5*h - 64 = -59, -5*s + 19601 = -h. List the prime factors of s.
2, 5, 7
Let y(g) = -2*g**2 - 12*g - 3. Let b be y(-5). Suppose -272 = b*z - 1021. What are the prime factors of z?
107
Let i be -2 + (-43 - (-3)/(-1)). Let t = -10 - i. Suppose 0 = 2*u - 5*z + z - t, -3*u + 27 = 4*z. List the prime factors of u.
13
Let p(k) = -k**3 + 8*k**2 - 2*k - 6. Let x be p(7). Suppose 0 = -2*r - 3*r - 3*i + 72, i = -5*r + 74. Let f = r + x. What are the prime factors of f?
2, 11
Suppose -18*a + 5435 = -13*a + 4*j, 0 = -5*a - 3*j + 5435. What are the prime factors of a?
1087
Suppose 0 = 6*g + 442 - 4. Let a = -30 - g. What are the prime factors of a?
43
Suppose -4*u + 9*b + 2819 = 4*b, -3*u - 5*b + 2158 = 0. Suppose -9*s = u - 2079. What are the prime factors of s?
2, 19
Let d(q) = 18*q**2 - 1. Let y be d(1). Let s = 11 - y. Let a = s - -19. List the prime factors of a.
13
What are the prime factors of 939 + 2 - 4 - -4?
941
Let w(p) = p**2 - 8*p - 8. List the prime factors of w(-13).
5, 53
Let d(g) be the first derivative of g**3/6 + 29*g**2/2 - 5*g - 1. Let l(j) be the first derivative of d(j). List the prime factors of l(0).
29
Let i(f) = f**3 - 5*f**2 - 6*f + 2. Let j be i(6). Suppose j*t = -t + 231. List the prime factors of t.
7, 11
Let c = 9 - 6. Suppose -2*h + 110 = c*h. Suppose 18 = 5*m + r - 80, -r = m - h. List the prime factors of m.
19
Let l = 576 - 216. List the prime factors of l.
2, 3, 5
Let g(s) = -s**3 + 10*s**2 + 118*s + 13. What are the prime factors of g(-10)?
7, 17
Let p be 147/6*(5 + (-295)/35). Let a = p - -116. What are the prime factors of a?
2
Let v be (30/35)/((-2)/(-7)). Let b(d) = -d**v - 4*d**2 - 4*d**2 - 4 + 2*d**2 + 2*d**3 - 11*d. List the prime factors of b(8).
2, 3
Suppose -4*m = 4*h - 620, -2*h + 306 = -0*h + 3*m. Suppose 8*q - h = 57. What are the prime factors of q?
3
Suppose x + 19 = 3*x - 5*q, -4*x - 5*q = 7. Suppose 5*l - 3*g = -82, l + 2*g + 21 = -x*g. Let o = 37 + l. List the prime factors of o.
2, 5
Let a(c) = -c**3 + 29*c**2 - 63*c + 24. What are the prime factors of a(26)?
2, 3, 23
Let a(w) = 42*w**2 - 12*w - 21. What are the prime factors of a(-4)?
3, 233
Let b be -45 + 1 + (3 - 1). Let v = 47 - b. Let w = v + -35. What are the prime factors of w?
2, 3
Let m(h) = -36*h + 58. List the prime factors of m(-19).
2, 7, 53
Suppose -4*g + 2*g = 3*j, 3*j - 2*g - 12 = 0. Suppose 3*l + 3*d = -0*l + 198, l - 65 = -j*d. What are the prime factors of l?
67
List the prime factors of (-4*6 - -6)*(-38 - -4).
2, 3, 17
Suppose 7*c - 8160 = -3*c. List the prime factors of c.
2, 3, 17
Let y(p) = 4*p + 2 + 5*p - 4. Let j be 180/80 - 2/8*1. What are the prime factors of y(j)?
2
Let m = 57 + -16. Let u = m - -59. What are the prime factors of u?
2, 5
Suppose 3*y - 4*t = 46, 2*y - 5*t = -3*t + 28. Let h = 1 + y. What are the prime factors of h?
11
Let h(k) = -k + 8. Let p be h(4). Suppose -38 = -4*c + 2*x, 3*x - p*x + 3 = 0. Suppose 5*u - c = 2*u + z, -4*u = 5*z - 40. List the prime factors of u.
5
Let r(a) = 65*a - 6. Let v(q) = 66*q - 7. Let t(o) = -5*r(o) + 6*v(o). What are the prime factors of t(4)?
2, 17
Suppose -3*p + 2*m + 415 = 0, -p = -3*p + 2*m + 278. Suppose -2*a = -27 - p. What are the prime factors of a?
2, 41
Let d(s) = 143*s**3 + s**2 - 2*s + 1. Let b = 136 + -135. List the prime factors of d(b).
11, 13
Let o = 9748 + -6671. What are the prime factors of o?
17, 181
Let j be 58/5 - ((-84)/(-20))/7. Let k = 10 + j. List the prime factors of k.
3, 7
Suppose 33*h - 16399 = -1714. What are the prime factors of h?
5, 89
Let f(l) be the first derivative of l**3/3 + 5*l**2/2 + 82. Suppose -2*m + 3*o - 26 = -0*m, 34 = -2*m + 5*o. What are the prime factors of f(m)?
2, 7
Let a(g) = -3*g**3 - 11*g**2 - 15*g - 21. What are the prime factors of a(-7)?
2, 7, 41
Let w(j) = -j**2 + 14*j - 19. Let b be w(12). Suppose b*x - 354 = -x. List the prime factors of x.
59
Let t(z) = z**2 + 4*z + 3. Let u be t(-5). Let y be -2*u*(-2 + 1). Suppose 0 = -2*b + 3*x + 70, -y = 4*b - 5*x - 152. What are the prime factors of b?
29
Let d(g) be the second derivative of 11*g**4/6 - g**3/6 + g**2/2 - 3*g. Let j be d(2). Suppose 2*z + 3 - j = 0. List the prime factors of z.
2, 3, 7
Let b = -622 - -627. What are the prime factors of b?
5
Let a = -66 + 68. Suppose 2*l + a*l = 316. List the prime factors of l.
79
Suppose -6*p + 2*c = -2*p - 20, 0 = 5*c + 20. Let q(n) = 7*n**3 + 4*n**2 - 6*n + 7. What are the prime factors of q(p)?
2, 107
Let i(p) = 6*p**2 + 17*p + 4. What are the prime factors of i(-10)?
2, 7, 31
Let p(g) = -5*g - 66. List the prime factors of p(-39).
3, 43
Let t be (-14)/35 - (-2)/5. Suppose 5*r - 4*r - 255 = t. List the prime factors of r.
3, 5, 17
What are the prime factors of (4 + -5 - -1987)*18/12?
3, 331
Suppose 5*d = 20, 4*h - d + 0*d = -4. Suppose -4*x = 12, h = -4*v - 0*x - x + 61. List the prime factors of v.
2
Suppose 17 + 108 = 4*r + 5*m, -2*r - 3*m = -61. Let z(v) = 4*v**2 - 3*v + 2. Let f be z(4). Let t = f - r. What are the prime factors of t?
19
Let d(t) = 48*t**3 + 5*t**2 - 5*t - 17. List the prime factors of d(4).
5, 7, 89
Suppose 2*x + 29 = -3*d - 79, x + 4*d + 44 = 0. Let c = x + 95. What are the prime factors of c?
5, 7
Let q = 14385 - 9921. List the prime factors of q.
2, 3, 31
List the prime factors of 4/12 - (9 + 28880/(-12)).
2, 11, 109
Let n = 303 + -51. What are the prime